the prime factors of 874915.
5, 233, 751
List the prime factors of 1514278.
2, 193, 3923
What are the prime factors of 526928?
2, 32933
What are the prime factors of 221823?
3, 7, 503
List the prime factors of 20135366.
2, 433, 23251
What are the prime factors of 272402?
2, 13, 10477
What are the prime factors of 4248?
2, 3, 59
What are the prime factors of 1920393?
3, 379, 563
List the prime factors of 3075851.
31, 313, 317
List the prime factors of 20129567.
29, 694123
What are the prime factors of 1224736?
2, 38273
List the prime factors of 266538.
2, 3, 31, 1433
List the prime factors of 59429.
67, 887
What are the prime factors of 936536?
2, 167, 701
List the prime factors of 190981.
7, 27283
List the prime factors of 308232.
2, 3, 1427
What are the prime factors of 18282718?
2, 17, 47, 673
List the prime factors of 10881070.
2, 5, 23, 47309
What are the prime factors of 1918067?
1918067
List the prime factors of 10920609.
3, 7, 57781
List the prime factors of 164465.
5, 7, 37, 127
List the prime factors of 14278411.
7, 29, 37, 1901
What are the prime factors of 7699694?
2, 3849847
What are the prime factors of 12255689?
1193, 10273
What are the prime factors of 507598?
2, 7, 13, 2789
List the prime factors of 12806260.
2, 5, 43, 14891
What are the prime factors of 10088197?
7, 653, 2207
What are the prime factors of 277904?
2, 11, 1579
List the prime factors of 299482.
2, 137, 1093
List the prime factors of 476037.
3, 653
What are the prime factors of 549695?
5, 17, 29, 223
List the prime factors of 18221817.
3, 19, 319681
What are the prime factors of 600474?
2, 3, 7, 17, 29
What are the prime factors of 6201727?
7, 885961
List the prime factors of 196027.
13, 17, 887
List the prime factors of 108402.
2, 3, 7, 29, 89
List the prime factors of 7705704.
2, 3, 41, 191
What are the prime factors of 2659492?
2, 11, 60443
What are the prime factors of 1128885?
3, 5, 17, 19, 233
List the prime factors of 2761708.
2, 690427
List the prime factors of 363957.
3, 11, 41, 269
List the prime factors of 107996.
2, 7, 19, 29
List the prime factors of 437594.
2, 218797
What are the prime factors of 3657170?
2, 5, 11, 33247
What are the prime factors of 554083?
47, 11789
List the prime factors of 45164.
2, 7, 1613
List the prime factors of 188770.
2, 5, 43, 439
What are the prime factors of 8626329?
3, 958481
List the prime factors of 337096.
2, 29, 1453
List the prime factors of 21847546.
2, 7, 1560539
What are the prime factors of 67314?
2, 3, 13, 863
What are the prime factors of 440643?
3, 7, 20983
What are the prime factors of 744122?
2, 372061
List the prime factors of 1358544.
2, 3, 11, 31, 83
What are the prime factors of 107651?
83, 1297
What are the prime factors of 9243084?
2, 3, 31, 24847
List the prime factors of 6630631.
7, 135319
List the prime factors of 33444.
2, 3, 929
What are the prime factors of 8784714?
2, 3, 137, 10687
List the prime factors of 205839.
3, 22871
What are the prime factors of 81996?
2, 3, 6833
List the prime factors of 1618411.
1618411
List the prime factors of 983551.
769, 1279
List the prime factors of 12875635.
5, 19, 135533
What are the prime factors of 1476284?
2, 369071
List the prime factors of 68598.
2, 3, 37, 103
What are the prime factors of 12142792?
2, 1517849
What are the prime factors of 288850?
2, 5, 53, 109
What are the prime factors of 104211?
3, 11579
List the prime factors of 60092.
2, 83, 181
What are the prime factors of 2102276?
2, 11, 47779
List the prime factors of 9761665.
5, 47, 41539
List the prime factors of 5079905.
5, 1015981
List the prime factors of 952905.
3, 5, 63527
What are the prime factors of 2891336?
2, 7, 51631
What are the prime factors of 4983620?
2, 5, 249181
List the prime factors of 19730727.
3, 17, 128959
What are the prime factors of 49389?
3, 101, 163
List the prime factors of 290271.
3, 96757
What are the prime factors of 262696?
2, 7, 4691
List the prime factors of 25260686.
2, 11, 104383
List the prime factors of 4017708.
2, 3, 37201
What are the prime factors of 7157253?
3, 2385751
List the prime factors of 25102.
2, 7, 11, 163
What are the prime factors of 429212?
2, 7, 15329
What are the prime factors of 7804412?
2, 7, 11, 25339
What are the prime factors of 2971877?
31, 37, 2591
List the prime factors of 21240883.
73, 290971
What are the prime factors of 272474?
2, 136237
List the prime factors of 5876261.
467, 12583
List the prime factors of 2522959.
53, 181, 263
What are the prime factors of 1422452?
2, 199, 1787
What are the prime factors of 2353381?
809, 2909
What are the prime factors of 705805?
5, 141161
List the prime factors of 238648.
2, 23, 1297
What are the prime factors of 6523397?
373, 17489
List the prime factors of 1350570.
2, 3, 5, 13, 3463
List the prime factors of 539790.
2, 3, 5, 19, 947
List the prime factors of 14953593.
3, 4984531
What are the prime factors of 272234?
2, 79, 1723
What are the prime factors of 32357483?
211, 153353
What are the prime factors of 2645987?
2645987
What are the prime factors of 4954792?
2, 31, 19979
What are the prime factors of 26902?
2, 13451
What are the prime factors of 7691348?
2, 7, 31, 8861
List the prime factors of 351191.
331, 1061
List the prime factors of 124953.
3, 41651
List the prime factors of 1672631.
1672631
List the prime factors of 910070.
2, 5, 7, 13001
List the prime factors of 643901.
31, 20771
List the prime factors of 4333012.
2, 1083253
List the prime factors of 167623.
167623
List the prime factors of 3927556.
2, 981889
What are the prime factors of 217077?
3, 7, 10337
What are the prime factors of 3475002?
2, 3, 43, 13469
What are the prime factors of 90424?
2, 89, 127
What are the prime factors of 593443?
37, 43, 373
What are the prime factors of 11803?
11, 29, 37
List the prime factors of 6650826.
2, 3, 7, 13, 937
List the prime factors of 25266597.
3, 37, 227627
List the prime factors of 719057.
719057
What are the prime factors of 21592?
2, 2699
List the prime factors of 2442934.
2, 13, 17, 5527
List the prime factors of 34220.
2, 5, 29, 59
List the prime factors of 3266836.
2, 816709
List the prime factors of 463694.
2, 7, 11, 3011
List the prime factors of 345217.
73, 4729
List the prime factors of 279545.
5, 7, 163
List the prime factors of 5166196.
2, 7, 307, 601
List the prime factors of 1850017.
13, 101, 1409
What are the prime factors of 994787?
29, 34303
What are the prime factors of 1794947?
7, 11, 23311
List the prime factors of 17571445.
5, 3514289
List the prime factors of 108217.
108217
List the prime factors of 1602222.
2, 3, 267037
List the prime factors of 5263281.
3, 584809
List the prime factors of 179401.
17, 61, 173
What are the prime factors of 177636?
2, 3, 113, 131
List the prime factors of 1071715.
5, 103, 2081
List the prime factors of 467830.
2, 5, 11, 4253
What are the prime factors of 24023757?
3, 647, 12377
List the prime factors of 2211131.
13, 79, 2153
What are the prime factors of 196845?
3, 5, 11, 1193
What are the prime factors of 5127594?
2, 3, 854599
List the prime factors of 839689.
179, 4691
List the prime factors of 13134133.
3331, 3943
List the prime factors of 1762164.
2, 3, 31, 1579
What are the prime factors of 8628507?
3, 127, 7549
List the prime factors of 3505350.
2, 3, 5, 23369
List the prime factors of 606838.
2, 241, 1259
What are the prime factors of 1955042?
2, 977521
List the prime factors of 635033.
7, 83, 1093
List the prime factors of 3185476.
2, 7, 29, 3923
What are the prime factors of 2042013?
3, 701, 971
List the prime factors of 1081687.
1081687
List the prime factors of 2910574.
2, 71, 103, 199
What are the prime factors of 7574660?
2, 5, 378733
List the prime factors of 7534168.
2, 941771
What are the prime factors of 1960503?
3, 653501
List the prime factors of 3955972.
2, 31, 61, 523
What are the prime factors of 389077?
13, 173
List the prime factors of 3688427.
89, 41443
What are the prime factors of 44538?
2, 3, 13, 571
What are the prime factors of 1314547?
13, 101119
What are the prime factors of 1178468?
2, 101, 2917
List the prime factors of 255585.
3, 5, 11, 1549
What are the prime factors of 262479?
3, 7, 29, 431
What are the prime factors of 1511023?
373, 4051
What are the prime factors of 670879?
11, 71